se
Suppose -1661*m = -2*t - 1666*m + 288918, 0 = 2*m + 8. Is t a composite number?
True
Let a = 83 + -82. Suppose 2*k = a + 1823. Is ((1 - 4) + k)*(-2)/(-6) a prime number?
False
Let d = 62398 - 31682. Is (7 + d/(-42))*3*-1 composite?
True
Let g = 102068 + -54817. Is g prime?
True
Let b(k) = -18*k**3 - 7*k**2 - 53*k - 85. Is b(-6) composite?
True
Suppose 14*v - 9*v = 2*i - 27954, 55964 = 4*i - 3*v. Is i composite?
False
Let u be 0 + 9737/(-6) - 5/30. Let x = u - -913. Let d = x + 1051. Is d composite?
True
Suppose 2*m + 2*p = -2*p + 3928, 7838 = 4*m - p. Suppose -2*w + m = 3*f, w = f + 1258 - 283. Is w prime?
True
Let k(b) = 11359*b**2 + 18*b + 18. Suppose -154*h = -147*h + 7. Is k(h) a composite number?
True
Let s be (-8652)/16*((2 - 0) + -6). Suppose 0 = 2*x - 5*x + s. Suppose 3*i + 4*z + x = 1796, 1850 = 5*i - 5*z. Is i prime?
False
Let l(d) = -39*d**3 - 28*d**2 - 102*d + 21. Is l(-10) composite?
True
Let n(w) = 85*w - 33. Let c(p) be the first derivative of -p**4/4 + 2*p**3 - 3*p**2/2 + 10. Let u be c(5). Is n(u) composite?
True
Suppose 4*r + 40 = 4. Let k = r + 14. Suppose 6*i = k*i + 863. Is i a composite number?
False
Suppose -9 = 3*f - s - 70, 0 = 3*f + s - 71. Suppose -5*h = -3 - f, 5*h = 5*n - 25. Is (4838 - 3)*2/n a composite number?
False
Let k be 22/(-4)*(6 + -4). Let y = 3 + k. Let a(l) = 9*l**2 + 2*l - 3. Is a(y) composite?
False
Suppose -4*h + 8*s + 6252068 = 5*s, -2*h + 3126030 = -s. Is h composite?
True
Let y(m) = 76*m**2 - 160*m + 351. Is y(-46) prime?
True
Is ((9 - -20935) + 23)*(-3)/(-9) composite?
True
Suppose 2*r - 5*h - 22 = 0, -3*r + 4*r + 5*h = 26. Suppose -r*m + 41*m = 597325. Is m a composite number?
False
Let t(g) be the first derivative of -g**5/20 + 2*g**4/3 - 5*g**3/6 - 5*g**2/2 - 19*g - 12. Let b(x) be the first derivative of t(x). Is b(6) a composite number?
False
Suppose 4*h - 1579372 = -5*p + 216509, -h + 448964 = -5*p. Is h prime?
True
Let d(i) = -i**2 - 5*i + 6. Let v be d(-6). Let r be (v/1)/(-1 + 3 - 3). Suppose 29*j - 26*j - 2391 = r. Is j composite?
False
Let c(h) = -6*h**3 + 60*h**2 - 68*h + 1689. Is c(-55) prime?
True
Suppose -h = -5*i - 5*h + 75, 5*h = 25. Let y be ((-5)/4)/(12/((-1440)/25)). Suppose i*b - 11665 = y*b. Is b a composite number?
False
Let q = 5735 - 15014. Let u = 6808 - q. Is u a prime number?
True
Let y = 112 + -53. Let r = -59 + y. Is 3 + 530 + (r - -2) prime?
False
Is (-13796 + 67)/((-2)/4) a prime number?
False
Suppose 0 = 6*i - 5*i + 5*n + 49340, 0 = -n - 5. Let y = -32868 - i. Is y a prime number?
True
Suppose 7285 = 3*x - 5*f, -3*f = 16 - 1. Suppose -2*q + p = -x - 2494, q - p - 2455 = 0. Is q prime?
True
Suppose -2652210 - 841646 = -32*s. Is s prime?
False
Let p = -288 - -290. Suppose 7746 = p*u + 5*b, 10*u + 7786 = 12*u - 5*b. Is u a composite number?
True
Is (212441/(-1417))/((-1)/13) composite?
False
Let m(n) = -7*n**3 + 8*n**2 - 33*n - 15. Let s = 13 + -22. Is m(s) a composite number?
True
Let b(i) = -i**2 - 16*i - 44. Let l be b(-12). Suppose 3*a - z - 15666 = 4*z, 2*z - 20914 = -l*a. Is a prime?
True
Let c = -295591 + 598370. Is c composite?
False
Let g(h) = 205*h**2 + 6*h - 12. Let k(x) = 205*x**2 + 5*x - 10. Let t(u) = -3*g(u) + 4*k(u). Is t(3) composite?
False
Let z = -16 - -59. Let d be (-3)/(-5)*(-90)/12*2. Let w = d + z. Is w a prime number?
False
Is (588997 + 1)*((-9)/(36/(-22)) - 3) a prime number?
False
Suppose -84*a + 83*a = 120. Is (-2)/15 - (503896/a + 4) composite?
True
Let z(w) = -w**3 - 3*w**2 - 4*w - 2. Let q be z(-2). Suppose -q*y - 2 - 2 = 0. Is (y - 2)*356/(-8) a prime number?
False
Let i(n) = -2*n**2 - 20*n - 56. Let g be i(-8). Is ((-5)/(-3) + g/18)*1842 a composite number?
True
Suppose 14798 = 2*g + 4*v, 0 = -g - 195*v + 194*v + 7396. Is g a prime number?
True
Suppose 193836 = 4*j - 154340. Is j/28 + 69/21 + -3 a prime number?
True
Suppose 0*p = 4*f + 4*p - 10668, 3 = -p. Let h = f - 1846. Let n = -271 + h. Is n composite?
True
Let j(d) = 30*d + 105. Let f be j(-5). Is ((-135)/f)/(2*(-2)/(-8884)) composite?
True
Let q be 240*((-621)/(-36) - 9). Let i = 3 - -1. Suppose -5*z - q = -m, 5*m - 2*z - 9927 = -i*z. Is m a prime number?
False
Let i be (10/(-1))/((-2)/(-12)). Let s = i - -62. Suppose 0 = -3*a - 4*b + 2148 + 631, s*a + 4*b - 1858 = 0. Is a composite?
True
Let w be 5*-222*(-5)/20*22. Suppose -5*n - k - 2*k = -6097, 5*k - w = -5*n. Is n composite?
False
Let h(t) = -t**3 + 73*t**2 - 8*t + 153. Is h(55) a prime number?
True
Suppose 2*g = 2*t - 356082, 10*g = t + 15*g - 178053. Is t a prime number?
False
Suppose 193*t - 145*t = 2937360. Is t prime?
False
Suppose 21 = 7*w - 0*w. Suppose w*h - 1991 = -n, -2*n + 0*h = 4*h - 3988. Suppose c - n = -5*j, 125 = -3*j + 4*c + 1348. Is j prime?
True
Let y be (-2)/(-16) + 150/80. Suppose -i = 5*x - 2643, i - y*x - 503 - 2154 = 0. Is i composite?
True
Let u(c) = -4*c - 8. Let o be u(-5). Let t be o/(-42) + 11846/7. Let z = t - 595. Is z prime?
True
Let n(c) = c - 5*c - 4*c - 8 + 9*c + 3005*c**2. Is n(2) a prime number?
False
Let f = -136 - -77. Let b = f + 63. Suppose b*u - 16 = 132. Is u prime?
True
Suppose -9*k - 10*k = -589. Suppose -23*u = -k*u + 4664. Is u a composite number?
True
Let v(f) = -52*f + 13. Let n = -118 + 114. Is v(n) composite?
True
Suppose 70*v + 113421 = 71*v + x, -5*v - 3*x + 567097 = 0. Is v prime?
True
Let t = -148 + -44. Let b = 156 - 157. Let r = b - t. Is r a prime number?
True
Let v = -22 - -27. Suppose 25 = a + v*g - 2, 3*a - 21 = -3*g. Suppose 2*r + a*o = -3*r + 4391, 2634 = 3*r + o. Is r a composite number?
False
Suppose l + 21380 = -472. Is (-2)/7 + (l/(-42) - -1) a prime number?
True
Let o(t) = -t + 22. Let v be o(16). Let r be (-4)/(-8) + 39/v + -2. Suppose r*m - 3376 = 1829. Is m composite?
True
Let h(r) = 22 + 24 + 8*r - 21 + 14*r**2 - 12*r**3. Is h(-7) prime?
False
Let o(u) = 5685*u - 692. Is o(23) a composite number?
True
Let q = 281315 - 133036. Is q a composite number?
False
Let t be (-6)/9 - 4/(-6). Suppose -2*z + 232 = -t*z. Suppose q = -0*h - h + z, -4*h = 2*q - 470. Is h prime?
False
Suppose -12096 = -w - 2*w. Let h(v) = 2044*v - 76. Let y be h(3). Suppose m + y = 3*x, -2*x + 0*m = 2*m - w. Is x prime?
False
Suppose -26*v + 4*v + 108064 = 0. Suppose 27*x = 26*x + v. Suppose 9*g + x = 17*g. Is g a composite number?
True
Suppose -18*o + 304378 - 56975 = -1006873. Is o prime?
False
Let x be 2 + 16/(-9) + (-5900)/(-180). Suppose -7072 = -x*l + l. Is l prime?
False
Let o(k) = 143*k**2 - 59*k - 9. Is o(-7) a composite number?
False
Let f(i) = 4*i + 11. Let m be f(-3). Let n be 4*(188/8)/(m + 2). Let h = n + -29. Is h composite?
True
Suppose 4*x - x + 77 = 5*z, x = -4*z + 65. Suppose 103949 = 3*m + z*m. Is m prime?
True
Let g = -142900 - -373451. Is g composite?
False
Let n(v) = v**3 + 14*v**2 - 3*v - 39. Let m be n(-14). Suppose -3396 - 5987 = m*p - 5*x, -x - 9377 = 3*p. Let a = 4759 + p. Is a a composite number?
True
Let t be 30769 + 12/(-18)*6 + 3. Let c = -18251 + t. Is c a prime number?
True
Suppose 2*y - f = 11, y = 4*y - f - 15. Let s = -45 - -49. Suppose 2*o - s*z - 942 = 0, 0*o - y*o + 4*z = -1884. Is o a composite number?
True
Suppose 2*r - 3*u - 244777 = 0, 0 = -5*r + 2*u - 0*u + 611937. Is r prime?
True
Let x be 4/32 + -10*(-10)/(-32). Let r(l) = 884*l**2 + 7. Is r(x) a prime number?
True
Let c = 1606455 + -1022464. Is c a prime number?
True
Suppose -b + s + 1 + 6 = 0, 0 = 5*b - 2*s - 29. Suppose -3*i + i + b*c = -586, -c = 3*i - 879. Is i a composite number?
False
Suppose 99265 = -3*q + 2*w + 273404, 0 = q - 4*w - 58063. Is q a composite number?
False
Suppose 0 = -2*s + 4*s - 5*h - 359814, -719596 = -4*s + 2*h. Is s a composite number?
False
Let m be 3/((-105)/(-10)) + (-12)/(-7). Suppose -4*s - 39 - 53 = -4*d, m*d = 3*s + 50. Suppose 3*k - 1678 = -d. Is k a composite number?
True
Let d(k) = 2*k**3 - 47*k**2 - 23*k - 18. Let g be d(24). Let j(v) = 38*v**2 + v - 7. Is j(g) a prime number?
True
Suppose -12*z = -27*z + 8*z + 3962301. Is z prime?
False
Suppose 7*t + 155 = 169. Suppose -t*i - 4*b = -33442, 2*b - 66875 = -4*i - 3*b. Is i a prime number?
False
Let r(j) = j + 1. Let i(c) = 252*c + 8. Let h(b) = i(b) - r(b). Is h(20) a composite number?
True
Suppose 0 = -3*a + 2*s + 2964778, -6*s + 2964780 = 3*a - 9*s. Is a composite?
True
Suppose 5*c - 20*c = -81